e q(-3). Suppose j - 5*u - 278 = 0, 0*j - j + 4*u + l = 0. Does 3 divide j?
True
Let p(h) = 25*h**3 + 6*h**2 - 20*h + 28. Is p(3) a multiple of 11?
False
Suppose k + 7*z - 4*z = 609, -4*k = -5*z - 2419. Let t = k + -588. Is t a multiple of 6?
True
Let z be 4 - (-4 + 2)*-13. Is 7 a factor of 5072/144 - (z/(-18) - 1)?
True
Let i be (-18)/10*(-30)/9. Let n(r) = -r**3 + 23*r**2 + 34*r - 62. Let a be n(23). Suppose 10*g = i*g + a. Is g a multiple of 15?
True
Suppose t + 4*m = 9955, -3*m = 4*t - 45172 + 5326. Is 81 a factor of t?
True
Is 6072/(-483)*(1 - (-18)/(-4)) a multiple of 22?
True
Suppose 2*c = 4*d - 3 - 1, -4*d + 4*c = 0. Suppose -2*u = -5*u + b + 157, -4*u + 212 = -d*b. Is 10 a factor of u?
False
Let o = 117 - 105. Let q be 3/9 - (-32)/o. Suppose q*g - 95 = 4*k - 5*k, 0 = -5*k - 20. Does 4 divide g?
False
Is ((-8)/(-3))/(-2) + 272450/15 - 4 a multiple of 62?
False
Let b(i) = 460*i - 322. Is 3 a factor of b(7)?
True
Let f = 2722 - 1275. Suppose -3*t - f = 2*z - 7*z, 3*z - 865 = t. Is 41 a factor of z?
True
Suppose d = -2*w + 60, -w + 33 = -4*d + 3*d. Let s = w - 36. Is 9 a factor of (s + 9/((-12)/(-4)))*-40?
False
Let p = -93 - -93. Suppose -b - 153 = 3*h, p = -h + 5*h + b + 203. Let j = h - -66. Is 6 a factor of j?
False
Suppose -g + i = -0*g - 62, 322 = 5*g - 2*i. Suppose 71*m = g*m + 340. Suppose m = x - 43. Is x a multiple of 19?
False
Suppose -1784*g = -1848*g + 156672. Is 18 a factor of g?
True
Let a(g) = 122*g**2 + 13*g - 37. Does 18 divide a(5)?
True
Suppose -24 = -3*m, 2*q + 3*m + 941 - 2517 = 0. Does 10 divide q?
False
Suppose 38*a + 99 = 27*a. Let q = 47 - 4. Let h = a + q. Is 12 a factor of h?
False
Let l(r) = -r**3 - 23*r**2 + 47*r - 72. Let u be l(-25). Suppose 5*z - 2*x - 2454 = -4*x, 0 = z + u*x - 483. Is 16 a factor of z?
False
Suppose 0 = -3*c + 181*a - 179*a + 37842, 4*a - 12628 = -c. Is 24 a factor of c?
False
Let b be 312/(-13) - (-2 + 0)/(-1). Let c = b + -30. Let o = c + 78. Does 22 divide o?
True
Let h be (14/28)/(4/5328). Let n = h + -224. Does 41 divide n?
False
Suppose 3*x = h - 1418 - 2004, -5*h = x - 17046. Is 23 a factor of h?
False
Is -139*171/57*((0 - 0) + -2) a multiple of 23?
False
Let t = -137 - -146. Let p(h) = h**3 - 6*h**2 + 16*h - 24. Is p(t) a multiple of 33?
True
Let n(j) = -25*j**3 - 5*j**2 - 64*j - 513. Does 55 divide n(-12)?
True
Suppose -2*v + v + 15 = 3*s, -39 = -2*v - 3*s. Is 21 a factor of (v - 15)*42/9?
True
Suppose 0 = -15*p - 651 - 3189. Let z = 505 + p. Is z a multiple of 15?
False
Suppose 0 = 5*x + 10, v - x + 5*x = 771. Suppose -3*j + v = -5*f, -f = 3*f - 8. Does 22 divide j?
False
Does 10 divide (-56)/(-896) - -21126*10/64?
False
Suppose -3*p + 5*p - 74 = 0. Let z = 150 + -98. Let t = z - p. Is t a multiple of 3?
True
Let y(r) = 172*r**2 - 4*r - 3. Let k be y(-1). Let q = k - 12. Is q a multiple of 7?
True
Does 8 divide 2409 + 0 + (-18 - -19)*7?
True
Suppose 5*q - 3*q = 4. Suppose 6*r = q*r + 1252. Let j = r - 174. Does 28 divide j?
False
Let s be 18 - (0 - 4)/2. Suppose -3*j = p - s - 5, -3*j + 2*p = -13. Suppose j*z - 5*z - 200 = 0. Is z a multiple of 35?
False
Suppose -13*b + 3264 = 3*b. Let n = 77 + b. Is n a multiple of 51?
False
Let y be 45/(-10)*((-84)/(-9) + 0). Let f be y/(-8) + (-3)/12. Suppose 3*t = 12, f*p + t - 218 = 4*t. Does 23 divide p?
True
Let n = 16167 + -6420. Does 20 divide n?
False
Let k be (-7)/((-42)/8)*(5 - 2). Suppose k*z + 37 = 2*f - f, -79 = -2*f + 3*z. Let l = 99 - f. Is l a multiple of 12?
False
Let l(a) = a**3 + 136*a**2 + 64*a + 751. Does 6 divide l(-133)?
True
Let j = 3592 + -3121. Is 17 a factor of j?
False
Suppose -4*n = 4*m + 372, -5*m - 4*n = 560 - 90. Let a be (-2)/(-7) + 28/m. Suppose -y - 2*u + 31 + 9 = 0, a = u + 5. Is y a multiple of 10?
True
Let u = 7251 - 195. Does 16 divide u?
True
Suppose -3*v = -45866 + 11497 - 14966. Is v a multiple of 13?
True
Suppose -8449 = b - 4*b + 14966. Does 82 divide b?
False
Let v = 351 + -353. Is -1 + -2 - v*80 a multiple of 17?
False
Suppose -44*r = -131*r + 241395 + 383613. Is r a multiple of 16?
True
Let g(c) be the third derivative of 3*c**5/4 - 5*c**4/24 + c**3/2 + 2*c**2 - 46*c. Is g(3) a multiple of 3?
True
Let b be ((-9)/3)/(-1) + 0. Suppose -b*l = -4*p - 48, -2*p = l + 3 + 11. Let v = 12 - p. Is v a multiple of 15?
False
Let c(l) be the first derivative of l**3 + l**2/2 + 5*l + 34. Let x be c(5). Suppose 4*h - x = 39. Does 31 divide h?
True
Let s = 2870 - 2762. Is 3 a factor of s?
True
Suppose -l + 3*f + 0*f + 1743 = 0, 5*l - f - 8631 = 0. Does 15 divide l?
True
Let m be (-20)/70 - 4706/(-7). Suppose 3*x - 11 + 2 = 0. Suppose 2*r = -2*r + l + m, -x*l = -5*r + 847. Does 14 divide r?
False
Let g(c) = 35*c**2 - 4. Let f be g(-2). Let i = f - 28. Is 54 a factor of i?
True
Let j(i) = 19*i**3 + 7*i**2 - 162*i + 776. Does 34 divide j(5)?
True
Let r(b) be the third derivative of b**6/120 + b**5/2 - b**4 + 17*b**3/3 - 2*b**2 + b. Does 73 divide r(-30)?
False
Suppose -2*t = 0, -4 + 10 = 3*w - 5*t. Suppose 0 = -w*r + 162 + 174. Does 26 divide r?
False
Let v(y) = -y**3 + 12*y**2 - 7*y - 2. Let k be v(5). Suppose -o + 2 = -4*x - 12, -k = -5*o + 3*x. Is 6 a factor of o?
True
Let s(a) = a**3 - 6*a**2 + 12*a - 6. Let o be s(8). Let g be 298*4/(5 + -29)*3. Let w = o + g. Is w a multiple of 23?
True
Let f(r) = -6*r + 7*r - 97 + 99. Let b be f(-2). Suppose 2*t - 12*t + 580 = b. Does 33 divide t?
False
Does 88 divide 2 - (-7570 + 1) - (-113 - -116)?
True
Suppose 647*g + 490 = 640*g. Let i = 123 + g. Is i a multiple of 6?
False
Let l be -4*5/60 - (-129)/9. Is 10 a factor of (-70)/(-4)*7/(l/24)?
True
Let d = 70 - 61. Let a be -3*(1 - 111/d). Let f = 25 + a. Is f a multiple of 10?
False
Let d(a) = -a**3 + 5*a**2 + 12*a - 3. Let n be d(7). Suppose 2*z + 5*j - 72 = 0, -2*z - 4*j = -3*j - 56. Let c = z + n. Is 9 a factor of c?
True
Let t be 22 + (-8 - -2) + 6. Suppose q - t = 22. Does 2 divide q?
True
Let v = 25840 - 22554. Is 24 a factor of v?
False
Let h = 929 - -5599. Does 96 divide h?
True
Suppose 2*u - 901 = u. Let h = u + -246. Is 16 a factor of h?
False
Suppose -544 = -5*k - 524. Suppose 5*u + 63 = k*q, -4*q = -q - u - 50. Is 7 a factor of q?
False
Let f(b) = 589*b - 5641. Is 15 a factor of f(58)?
False
Let u be 6/10 - (-3744)/10. Suppose -15*y + u = -12*y. Is 25 a factor of y?
True
Suppose -362*h = -167*h - 138*h - 2403120. Does 38 divide h?
False
Suppose 4*k + 2*n = 70, 5 - 15 = -2*n. Let c = k + 50. Suppose 2*h = -c + 305. Is 20 a factor of h?
True
Let u = 104 + -101. Let b(f) = 19*f**3 + 6*f**2 - 5*f. Does 24 divide b(u)?
True
Let t(c) = c + 5. Let k be t(-1). Suppose 0 = -2*l + 8, -4*l = k*i - 2*l - 24. Is ((-6)/(-6))/(i/152) a multiple of 20?
False
Let q(a) = 2*a**3 + 6*a + 2. Let x be q(7). Suppose -6*f - 2*l + x = -2*f, 3*f + 5*l = 565. Does 30 divide f?
True
Suppose -b = 6*q - q - 4073, -4085 = -5*q - 5*b. Is q a multiple of 74?
True
Suppose 3*v + 15 = 15. Suppose 4*n - 15*g - 360 = -11*g, n + 3*g - 70 = v. Does 17 divide n?
True
Suppose -5*w = -4*m + 5*m - 24, 2*m + 8 = 4*w. Suppose -5*s + w*p = 25, -3*p - 14 = 3*s + 1. Let f(g) = 6*g**2 - 7*g - 6. Does 28 divide f(s)?
False
Suppose 0 = -7*v + 3*v + 72. Let t = 66 - v. Suppose 43 = 7*p - t. Is 10 a factor of p?
False
Let a = 1374 + 18791. Is a a multiple of 140?
False
Let k(d) = -34454*d**3 + 11*d**2 + 11*d - 2. Does 297 divide k(-1)?
True
Let s = 3089 + -3043. Suppose 4 = -4*g + 120. Suppose s = u - g. Is 15 a factor of u?
True
Let x(u) = u**2 + 5*u - 32. Let d be x(28). Suppose 73*t - 75*t = -d. Is 22 a factor of t?
False
Suppose 132*h - 206127 = 21*h. Does 39 divide h?
False
Let g(s) = -11 - s**2 - 2*s - 10*s + 3*s. Let j be g(-6). Suppose j = 6*l - 53. Is l a multiple of 10?
True
Is 3/2*32/120 - 143144/(-40) a multiple of 7?
False
Let f(u) = 8*u**2 + 3*u - 401. Let p(r) = 3*r**2 + r - 134. Let w(q) = -6*f(q) + 17*p(q). Let c be w(0). Suppose 3*m + 41 = c. Is m a multiple of 4?
False
Suppose 0 = 3*c - 5*r + 110, 5*c + r = 2*r - 176. Let n be (9 + c)/(16/(-15) - -1). Suppose f + 2*p - 139 = -14, -p + n = 3*f. Does 20 divide f?
False
Let u be -19 + 26 - (-2)/4*-4. Suppose 4*c - u*n - 33 - 34 = 0, 4*n - 66 = -2*c. Does 23 divide c?
True
Let a be (3/(-2))/((-3)/16) - 2. Suppose a*x - 84 = 12*x. Let s = 14 - x. Is s a multiple of 4?
True
Let u be 1/5 - (1 - (-